What is the thousands digit of 51048753?
8
What is the tens digit of 5761173101?
0
What is the millions digit of 36551152?
6
What is the ten millions digit of 32291793?
3
What is the millions digit of 249207017?
9
What is the units digit of 848943155?
5
What is the hundreds digit of 6830808?
8
What is the ten thousands digit of 1878276285?
7
What is the units digit of 196828137?
7
What is the ten thousands digit of 6910153702?
5
What is the hundreds digit of 23985043?
0
What is the hundreds digit of 1524596598?
5
What is the thousands digit of 192127454?
7
What is the millions digit of 151547138?
1
What is the ten millions digit of 196572301?
9
What is the billions digit of 3320166468?
3
What is the ten thousands digit of 4607895?
0
What is the thousands digit of 878151100?
1
What is the tens digit of 6508330858?
5
What is the ten thousands digit of 2335209231?
0
What is the tens digit of 929583527?
2
What is the thousands digit of 13515946?
5
What is the thousands digit of 166380119?
0
What is the tens digit of 5411195327?
2
What is the tens digit of 74667733?
3
What is the ten thousands digit of 1257023004?
2
What is the ten millions digit of 847514850?
4
What is the ten thousands digit of 436051871?
5
What is the tens digit of 835241903?
0
What is the tens digit of 69595444?
4
What is the ten thousands digit of 209209122?
0
What is the ten thousands digit of 307756922?
5
What is the thousands digit of 431885729?
5
What is the units digit of 75751891?
1
What is the units digit of 25882861?
1
What is the units digit of 138756450?
0
What is the hundreds digit of 555062351?
3
What is the tens digit of 518263560?
6
What is the units digit of 227394827?
7
What is the hundred thousands digit of 1402681671?
6
What is the tens digit of 7231548?
4
What is the billions digit of 2698504067?
2
What is the ten thousands digit of 236422516?
2
What is the units digit of 6423578?
8
What is the hundred millions digit of 722297153?
7
What is the thousands digit of 751899294?
9
What is the millions digit of 1479976934?
9
What is the ten millions digit of 481073195?
8
What is the units digit of 1073606801?
1
What is the hundred millions digit of 105820306?
1
What is the hundred millions digit of 1535046013?
5
What is the thousands digit of 892440143?
0
What is the hundred millions digit of 301092811?
3
What is the billions digit of 1628711651?
1
What is the millions digit of 107382933?
7
What is the units digit of 2939900801?
1
What is the hundreds digit of 605473143?
1
What is the ten thousands digit of 167025241?
2
What is the thousands digit of 2864047252?
7
What is the thousands digit of 117197753?
7
What is the thousands digit of 129100157?
0
What is the ten thousands digit of 75699222?
9
What is the tens digit of 330435254?
5
What is the ten thousands digit of 5488799917?
9
What is the hundred thousands digit of 645375024?
3
What is the tens digit of 12694853?
5
What is the tens digit of 15224894?
9
What is the ten thousands digit of 34337465?
3
What is the tens digit of 320789842?
4
What is the hundred thousands digit of 2240824935?
8
What is the hundreds digit of 1060814406?
4
What is the ten millions digit of 47352937?
4
What is the thousands digit of 14376328?
6
What is the millions digit of 356561637?
6
What is the ten thousands digit of 1392528085?
2
What is the units digit of 247761978?
8
What is the hundreds digit of 177000422?
4
What is the tens digit of 9193962?
6
What is the ten thousands digit of 49557471?
5
What is the tens digit of 61316228?
2
What is the units digit of 198709025?
5
What is the hundreds digit of 2029678139?
1
What is the ten thousands digit of 179417800?
1
What is the tens digit of 576279540?
4
What is the ten thousands digit of 467176869?
7
What is the ten thousands digit of 2829464?
2
What is the thousands digit of 19944589?
4
What is the ten millions digit of 767603257?
6
What is the thousands digit of 35243963?
3
What is the millions digit of 1913665932?
3
What is the ten millions digit of 250468922?
5
What is the hundred thousands digit of 1576274589?
2
What is the ten thousands digit of 97038320?
3
What is the ten millions digit of 781957653?
8
What is the ten millions digit of 216841394?
1
What is the hundred thousands digit of 38109970?
1
What is the billions digit of 3958782796?
3
What is the thousands digit of 4925445?
5
What is the hundreds digit of 75596817?
8
What is the hundred millions digit of 206733870?
2
What is the thousands digit of 1332306473?
6
What is the units digit of 23252429?
9
What is the units digit of 93415309?
9
What is the hundred thousands digit of 136473524?
4
What is the tens digit of 109955032?
3
What is the millions digit of 1295133371?
5
What is the thousands digit of 3632646800?
6
What is the ten millions digit of 1259567044?
5
What is the ten thousands digit of 2581880?
8
What is the units digit of 725713239?
9
What is the thousands digit of 1015646739?
6
What is the thousands digit of 4897926345?
6
What is the hundred millions digit of 137388027?
1
What is the hundred thousands digit of 59039383?
0
What is the millions digit of 8051212634?
1
What is the tens digit of 48913145?
4
What is the ten thousands digit of 473020387?
2
What is the hundred millions digit of 821543507?
8
What is the ten millions digit of 343720521?
4
What is the billions digit of 1761801181?
1
What is the tens digit of 330200733?
3
What is the hundreds digit of 44293877?
8
What is the tens digit of 842773526?
2
What is the ten millions digit of 34544997?
3
What is the thousands digit of 21430976?
0
What is the tens digit of 198115454?
5
What is the hundreds digit of 303895285?
2
What is the tens digit of 73090561?
6
What is the billions digit of 1210165812?
1
What is the hundreds digit of 67807880?
8
What is the units digit of 1030777675?
5
What is the tens digit of 80522906?
0
What is the thousands digit of 9472455?
2
What is the tens digit of 773218950?
5
What is the hundred millions digit of 122502188?
1
What is the tens digit of 163082808?
0
What is the hundred thousands digit of 2696456707?
4
What is the millions digit of 250445477?
0
What is the millions digit of 123411408?
3
What is the hundred millions digit of 328947547?
3
What is the millions digit of 609376542?
9
What is the hundred thousands digit of 43450338?
4
What is the thousands digit of 221286503?
6
What is the tens digit of 2467115659?
5
What is the ten thousands digit of 45338724?
3
What is the millions digit of 8815079?
8
What is the thousands digit of 46963134?
3
What is the ten millions digit of 111421133?
1
What is the ten millions digit of 170366723?
7
What is the hundred millions digit of 217469983?
2
What is the millions digit of 35663506?
5
What is the thousands digit of 551097041?
7
What is the hundred thousands digit of 18907314?
9
What is the units digit of 1940245?
5
What is the millions digit of 1194549665?
4
What is the ten millions digit of 24199719?
2
What is the ten thousands digit of 77404938?
0
What is the hundred thousands digit of 220868326?
8
What is the units digit of 2092110614?
4
What is the thousands digit of 146424060?
4
What is the tens digit of 194658758?
5
What is the hundred thousands digit of 1501903?
5
What is the hundreds digit of 374367268?
2
What is the hundred thousands digit of 3010972?
0
What is the hundreds digit of 54844942?
9
What is the thousands digit of 304248945?
8
What is the units digit of 8431218723?
3
What is the hundred millions digit of 6164345657?
1
What is the hundred millions digit of 1469748318?
4
What is the units digit of 1463041471?
1
What is the hundreds digit of 578470534?
5
What is the ten thousands digit of 1915358644?
5
What is the hundred millions digit of 363610776?
3
What is the units digit of 324214022?
2
What is the millions digit of 91177454?
1
What is the hundreds digit of 5990254975?
9
What is the millions digit of 90604138?
0
What is the ten millions digit of 515670779?
1
What is the millions digit of 2172302281?
2
What is the hundreds digit of 997592?
5
What is the hundred thousands digit of 409568507?
5
What is the ten millions digit of 1043667029?
4
What is the thousands digit of 35979880?
9
What is the hundreds digit of 9021788?
7
What is the hundred thousands di